{"id":2,"date":"2022-11-01T07:27:36","date_gmt":"2022-11-01T07:27:36","guid":{"rendered":"https:\/\/www.approval-experts.com\/?page_id=2"},"modified":"2022-11-01T17:58:58","modified_gmt":"2022-11-01T17:58:58","slug":"sample-page","status":"publish","type":"page","link":"https:\/\/www.approval-experts.com\/index.php\/sample-page\/","title":{"rendered":"Unternehmen"},"content":{"rendered":"\n<p>Die Approval Experts GmbH wurde 2009 gegr\u00fcndet und hat ihren Sitz in Frankfurt a.M. Wir sind ein Team aus Managementberatern, Prozessdesignern und Softwareentwicklern. Wir bieten Gesch\u00e4ftsl\u00f6sungen f\u00fcr das Management von Abstimmungs- und Genehmigungsprozessen, die mit Hilfe eines eigenen Softwaretools \u2013 dem \u201eApproval Manager\u201c \u2013 schnell in das Tagesgesch\u00e4ft integriert werden.<\/p>\n\n\n\n<p>Der Nutzen unserer Gesch\u00e4ftsl\u00f6sungen liegt insbesondere:<\/p>\n\n\n\n<ul><li>im Zeitgewinn durch automatisierte Koordination von Abstimmungen und Genehmigungen in und zwischen Unternehmen<\/li><li>im Kontrollgewinn durch Statusreports in Echtzeit<\/li><li>im Sicherheitsgewinn durch vollst\u00e4ndige Dokumentation an einem Ort<\/li><li>in der Nutzung auf mobilen Devices ohne Schulungsaufwand<\/li><li>in der Verbesserung der internen Lernkurven<\/li><\/ul>\n\n\n\n<p>F\u00fcr weitere Informationen stehen wir Ihnen gerne zur Verf\u00fcgung.<\/p>\n","protected":false},"excerpt":{"rendered":"<p>Die Approval Experts GmbH wurde 2009 gegr\u00fcndet und hat ihren Sitz in Frankfurt a.M. Wir sind ein Team aus Managementberatern, Prozessdesignern und Softwareentwicklern. Wir bieten Gesch\u00e4ftsl\u00f6sungen f\u00fcr das Management von Abstimmungs- und Genehmigungsprozessen, die mit Hilfe eines eigenen Softwaretools \u2013 dem \u201eApproval Manager\u201c \u2013 schnell in das Tagesgesch\u00e4ft integriert werden. Der Nutzen unserer Gesch\u00e4ftsl\u00f6sungen liegt [&hellip;]<\/p>\n","protected":false},"author":1,"featured_media":0,"parent":0,"menu_order":0,"comment_status":"closed","ping_status":"open","template":"","meta":[],"_links":{"self":[{"href":"https:\/\/www.approval-experts.com\/index.php\/wp-json\/wp\/v2\/pages\/2"}],"collection":[{"href":"https:\/\/www.approval-experts.com\/index.php\/wp-json\/wp\/v2\/pages"}],"about":[{"href":"https:\/\/www.approval-experts.com\/index.php\/wp-json\/wp\/v2\/types\/page"}],"author":[{"embeddable":true,"href":"https:\/\/www.approval-experts.com\/index.php\/wp-json\/wp\/v2\/users\/1"}],"replies":[{"embeddable":true,"href":"https:\/\/www.approval-experts.com\/index.php\/wp-json\/wp\/v2\/comments?post=2"}],"version-history":[{"count":1,"href":"https:\/\/www.approval-experts.com\/index.php\/wp-json\/wp\/v2\/pages\/2\/revisions"}],"predecessor-version":[{"id":30,"href":"https:\/\/www.approval-experts.com\/index.php\/wp-json\/wp\/v2\/pages\/2\/revisions\/30"}],"wp:attachment":[{"href":"https:\/\/www.approval-experts.com\/index.php\/wp-json\/wp\/v2\/media?parent=2"}],"curies":[{"name":"wp","href":"https:\/\/api.w.org\/{rel}","templated":true}]}}